{"id":360,"date":"2020-08-28T14:20:38","date_gmt":"2020-08-28T14:20:38","guid":{"rendered":"http:\/\/szamba-betonowe.pl\/?page_id=360"},"modified":"2020-08-29T13:44:06","modified_gmt":"2020-08-29T13:44:06","slug":"szamba-betonowe","status":"publish","type":"page","link":"http:\/\/szamba-betonowe.pl\/index.php\/szamba-betonowe\/","title":{"rendered":"Szamba betonowe"},"content":{"rendered":"<p>[vc_row][vc_column][vc_column_text]<span>Od 25 lat produkujemy, dostarczamy i montujemy zbiorniki, szamba betonowe zar\u00f3wno dla odbiorc\u00f3w detalicznych jak i hurtowych.<\/span><br \/>\n<span>Przy u\u017cyciu profesjonalnego sprz\u0119tu jaki posiadamy jeste\u015bmy w stanie wykona\u0107 wykop, dostarczy\u0107 zbiornik, umiejscowi\u0107 go w wykopie i podpi\u0105\u0107 do istniej\u0105cego systemu kanalizacji.<\/span><br \/>\n<span>Zajmujemy si\u0119 r\u00f3wnie\u017c doradztwem dla klienta , tak aby jak najlepiej dostosowa\u0107 zbiornik na nieczysto\u015bci dla potrzeb gospodarstwa czy firmy.<\/span><br \/>\n<span>Wykonujemy us\u0142ugi zaopatrzenia w szambo betonowe na terenie nast\u0119puj\u0105cych wojew\u00f3dztw: mazowieckie, \u015bwi\u0119tokrzyskie, lubelskie.<\/span><br \/>\n<span>Zaoszcz\u0119dzimy Pa\u0144stwa czas i pieni\u0105dze, dlatego, \u017ce zapewnimy transport, monta\u017c, poniewa\u017c posiadamy kilkadziesi\u0105t lat do\u015bwiadczenia w tym temacie.<\/span><br \/>\n<span>Jeste\u015bmy firm\u0105, kt\u00f3ra nie chodzi na budowlane skr\u00f3ty, a ich szambo nie b\u0119dzie po roku do wymiany.<\/span><br \/>\n<span>Nasza specjalno\u015b\u0107 to producent szamb betonowych, na terenie mazowieckie, lubelskie, \u0142\u00f3dzkie, podkarpackie.<\/span>[\/vc_column_text][\/vc_column][\/vc_row][vc_row][vc_column][vc_column_text]<iframe loading=\"lazy\" width=\"600\" height=\"450\" style=\"border: 0;\" src=\"https:\/\/www.google.com\/maps\/embed?pb=!1m28!1m12!1m3!1d1293250.2467452714!2d19.51746308808783!3d50.72217674114934!2m3!1f0!2f0!3f0!3m2!1i1024!2i768!4f13.1!4m13!3e0!4m5!1s0x471644c0354e18d1%3A0xb46bb6b576478abf!2zS3Jha8Ozdw!3m2!1d50.064650099999994!2d19.9449799!4m5!1s0x47186055a8ecb061%3A0x5760e3b856487d7a!2s26-634%20Niemianowice!3m2!1d51.383654!2d21.331920099999998!5e0!3m2!1spl!2spl!4v1598708628358!5m2!1spl!2spl\" frameborder=\"0\" allowfullscreen=\"allowfullscreen\" aria-hidden=\"false\" tabindex=\"0\"><\/iframe>[\/vc_column_text][\/vc_column][\/vc_row]<\/p>\n","protected":false},"excerpt":{"rendered":"<p>[vc_row][vc_column][vc_column_text]Od 25 lat produkujemy, dostarczamy i montujemy zbiorniki, szamba betonowe zar\u00f3wno dla odbiorc\u00f3w detalicznych jak i hurtowych. Przy u\u017cyciu profesjonalnego sprz\u0119tu jaki posiadamy jeste\u015bmy w stanie wykona\u0107 wykop, dostarczy\u0107 zbiornik, umiejscowi\u0107 go w wykopie i podpi\u0105\u0107 do istniej\u0105cego systemu kanalizacji. Zajmujemy si\u0119 r\u00f3wnie\u017c doradztwem dla klienta , tak aby jak najlepiej dostosowa\u0107 zbiornik na nieczysto\u015bci &hellip; <\/p>\n<p class=\"link-more\"><a href=\"http:\/\/szamba-betonowe.pl\/index.php\/szamba-betonowe\/\" class=\"more-link\">Czytaj dalej<span class=\"screen-reader-text\"> Szamba betonowe<\/span><\/a><\/p>\n","protected":false},"author":1,"featured_media":0,"parent":0,"menu_order":0,"comment_status":"closed","ping_status":"closed","template":"","meta":[],"yoast_head":"<!-- This site is optimized with the Yoast SEO plugin v16.2 - https:\/\/yoast.com\/wordpress\/plugins\/seo\/ -->\n<title>Szamba betonowe - Szamba betonowe - Adam \u017baczek - Radom - Lublin - \u0141&oacute;d\u017a - Kielce - Warszawa<\/title>\n<meta name=\"robots\" content=\"index, follow, max-snippet:-1, max-image-preview:large, max-video-preview:-1\" \/>\n<link rel=\"canonical\" href=\"http:\/\/szamba-betonowe.pl\/index.php\/szamba-betonowe\/\" \/>\n<meta property=\"og:locale\" content=\"pl_PL\" \/>\n<meta property=\"og:type\" content=\"article\" \/>\n<meta property=\"og:title\" content=\"Szamba betonowe - Szamba betonowe - Adam \u017baczek - Radom - Lublin - \u0141&oacute;d\u017a - Kielce - Warszawa\" \/>\n<meta property=\"og:description\" content=\"[vc_row][vc_column][vc_column_text]Od 25 lat produkujemy, dostarczamy i montujemy zbiorniki, szamba betonowe zar\u00f3wno dla odbiorc\u00f3w detalicznych jak i hurtowych. Przy u\u017cyciu profesjonalnego sprz\u0119tu jaki posiadamy jeste\u015bmy w stanie wykona\u0107 wykop, dostarczy\u0107 zbiornik, umiejscowi\u0107 go w wykopie i podpi\u0105\u0107 do istniej\u0105cego systemu kanalizacji. Zajmujemy si\u0119 r\u00f3wnie\u017c doradztwem dla klienta , tak aby jak najlepiej dostosowa\u0107 zbiornik na nieczysto\u015bci &hellip; Czytaj dalej Szamba betonowe\" \/>\n<meta property=\"og:url\" content=\"http:\/\/szamba-betonowe.pl\/index.php\/szamba-betonowe\/\" \/>\n<meta property=\"og:site_name\" content=\"Szamba betonowe - Adam \u017baczek - Radom - Lublin - \u0141&oacute;d\u017a - Kielce - Warszawa\" \/>\n<meta property=\"article:modified_time\" content=\"2020-08-29T13:44:06+00:00\" \/>\n<meta name=\"twitter:card\" content=\"summary_large_image\" \/>\n<meta name=\"twitter:label1\" content=\"Szacowany czas czytania\">\n\t<meta name=\"twitter:data1\" content=\"1 minuta\">\n<script type=\"application\/ld+json\" class=\"yoast-schema-graph\">{\"@context\":\"https:\/\/schema.org\",\"@graph\":[{\"@type\":\"WebSite\",\"@id\":\"http:\/\/szamba-betonowe.pl\/#website\",\"url\":\"http:\/\/szamba-betonowe.pl\/\",\"name\":\"Szamba betonowe - Adam \\u017baczek - Radom - Lublin - \\u0141&oacute;d\\u017a - Kielce - Warszawa\",\"description\":\"Producent -Szamb, szamb, zbiorniki na nieczysto\\u015bci, eko szambo\",\"potentialAction\":[{\"@type\":\"SearchAction\",\"target\":\"http:\/\/szamba-betonowe.pl\/?s={search_term_string}\",\"query-input\":\"required name=search_term_string\"}],\"inLanguage\":\"pl-PL\"},{\"@type\":\"WebPage\",\"@id\":\"http:\/\/szamba-betonowe.pl\/index.php\/szamba-betonowe\/#webpage\",\"url\":\"http:\/\/szamba-betonowe.pl\/index.php\/szamba-betonowe\/\",\"name\":\"Szamba betonowe - Szamba betonowe - Adam \\u017baczek - Radom - Lublin - \\u0141&oacute;d\\u017a - Kielce - Warszawa\",\"isPartOf\":{\"@id\":\"http:\/\/szamba-betonowe.pl\/#website\"},\"datePublished\":\"2020-08-28T14:20:38+00:00\",\"dateModified\":\"2020-08-29T13:44:06+00:00\",\"breadcrumb\":{\"@id\":\"http:\/\/szamba-betonowe.pl\/index.php\/szamba-betonowe\/#breadcrumb\"},\"inLanguage\":\"pl-PL\",\"potentialAction\":[{\"@type\":\"ReadAction\",\"target\":[\"http:\/\/szamba-betonowe.pl\/index.php\/szamba-betonowe\/\"]}]},{\"@type\":\"BreadcrumbList\",\"@id\":\"http:\/\/szamba-betonowe.pl\/index.php\/szamba-betonowe\/#breadcrumb\",\"itemListElement\":[{\"@type\":\"ListItem\",\"position\":1,\"item\":{\"@type\":\"WebPage\",\"@id\":\"http:\/\/szamba-betonowe.pl\/\",\"url\":\"http:\/\/szamba-betonowe.pl\/\",\"name\":\"Strona g\\u0142\\u00f3wna\"}},{\"@type\":\"ListItem\",\"position\":2,\"item\":{\"@id\":\"http:\/\/szamba-betonowe.pl\/index.php\/szamba-betonowe\/#webpage\"}}]}]}<\/script>\n<!-- \/ Yoast SEO plugin. -->","_links":{"self":[{"href":"http:\/\/szamba-betonowe.pl\/index.php\/wp-json\/wp\/v2\/pages\/360"}],"collection":[{"href":"http:\/\/szamba-betonowe.pl\/index.php\/wp-json\/wp\/v2\/pages"}],"about":[{"href":"http:\/\/szamba-betonowe.pl\/index.php\/wp-json\/wp\/v2\/types\/page"}],"author":[{"embeddable":true,"href":"http:\/\/szamba-betonowe.pl\/index.php\/wp-json\/wp\/v2\/users\/1"}],"replies":[{"embeddable":true,"href":"http:\/\/szamba-betonowe.pl\/index.php\/wp-json\/wp\/v2\/comments?post=360"}],"version-history":[{"count":7,"href":"http:\/\/szamba-betonowe.pl\/index.php\/wp-json\/wp\/v2\/pages\/360\/revisions"}],"predecessor-version":[{"id":415,"href":"http:\/\/szamba-betonowe.pl\/index.php\/wp-json\/wp\/v2\/pages\/360\/revisions\/415"}],"wp:attachment":[{"href":"http:\/\/szamba-betonowe.pl\/index.php\/wp-json\/wp\/v2\/media?parent=360"}],"curies":[{"name":"wp","href":"https:\/\/api.w.org\/{rel}","templated":true}]}}